2 + (-2 - -9) - -7?
2
Calculate 3 + -1 + 1 + 2.
5
Evaluate 6 - ((10 - 6 - 3) + 7).
-2
Calculate -4 + 7 + -4 + 1.
0
What is (3 - (-7 - -5)) + -6?
-1
What is 59 + -69 - (-10 - -1)?
-1
What is -6 + 9 + (3 - 8 - -4)?
2
Evaluate (1 - 8) + -9 + 12.
-4
-3 + 8 + -3 - -5 - 3
4
What is (3 - 4 - -8) + -6?
1
(1 + 5 + -3 - 4) + 0
-1
Evaluate -2 + 0 + 3 - 0.
1
What is 0 + (4 - 6) + 3?
1
Evaluate (6 - (11 + -4 - 4)) + 0.
3
Calculate 11 + (-5 - 2 - -2).
6
Calculate (-6 - 0) + 4 - 5.
-7
-9 + 2 + (4 - (2 + 1))
-6
What is 7 + -3 + -2 + -7?
-5
What is the value of 0 + 9 + (2 - 15)?
-4
Calculate (5 - 2) + (-9 - -1) + 3.
-2
-7 + (-9 + 13 - -4)
1
What is -3 + 3 + 4 + 4 + -10?
-2
Calculate -1 + 3 - -6 - (4 - 1).
5
What is the value of -1 + (-5 - (5 + -8))?
-3
-3 - (27 + -15 + -10)
-5
What is (-4 - -1 - 0) + (-20 - -21)?
-2
2 + (-6 - -9) + -4 - -4
5
Calculate 2 + 1 + 1 + (-3 - 0).
1
Calculate (4 - -12) + -15 + 2 + 1.
4
What is the value of 10 + -4 - -1 - 12?
-5
Evaluate -6 + 0 + (-6 - -10) + -1.
-3
What is the value of (-5 - -2) + -9 + 7?
-5
Evaluate (-1 - -10) + 5 + -6 + -3.
5
What is 1 + -1 + 2 + 1 - 2?
1
What is 7 - (11 - 3) - 0?
-1
What is the value of -20 + 17 + (-1 - -1)?
-3
Evaluate -5 + (0 - -2) - (-1 + -1).
-1
Calculate (-4 + -1 - -3) + 7.
5
5 + -2 + 2 + (2 - 4)
3
4 + -16 + 2 + 5
-5
-4 + (-2 - (9 - 7))
-8
What is the value of 2 + 1 + 0 - 1?
2
Evaluate (18 + -29 - (-2 + 2)) + 5.
-6
Evaluate 10 - (7 + -11 + 19).
-5
What is 1 + (4 + -1 - 4) + -2?
-2
What is the value of (-6 - 0) + 8 - (-5 + 1)?
6
Evaluate 2 + 5 + -20 + 12.
-1
What is the value of 53 + -57 + -1 + 2 + 1?
-2
Calculate (8 - -1) + -5 - 3.
1
Evaluate 4 - 1 - (4 + -1 + -1).
1
What is the value of 9 - (3 + -3 + 6)?
3
Calculate 1 - -5 - (21 - 9).
-6
Evaluate 2 - (4 + 0) - 1.
-3
Evaluate -182 - -188 - (-3 - (1 - 1)).
9
3 - (0 - -4) - (3 + -6)
2
What is -8 + (12 - -1) - 12?
-7
What is the value of 1 - (3 - (-4 + 5))?
-1
Calculate -2 - (-14 + 8 + (0 - -3)).
1
What is the value of -2 + 4 - (5 + (0 - 0))?
-3
What is the value of (3 - 2) + -4 + 2 + 8?
7
Calculate 5 - (-7 - (-8 + -2)).
2
Evaluate 5 - 3 - (2 - 1).
1
Evaluate 5 + (-1 - (3 + -2)).
3
What is -8 + 5 + -2 - (0 + 0)?
-5
What is (8 - (7 - (0 - -2))) + -10?
-7
What is (-3 - 4) + (0 - 0) + 2?
-5
-3 - -5 - (-2 - 0)
4
What is -9 + -1 - -4 - -4?
-2
What is the value of -1 + -8 + 6 + 5 - 1?
1
Calculate 7 + (-3 - -1) + (0 - 0).
5
Evaluate -1 - (-2 - 0 - -2 - 3).
2
Evaluate -27 - -29 - (-2 - 2).
6
28 - 30 - ((2 - 8) + 1)
3
-1 + 0 - -1 - (-8 + 3)
5
What is the value of 1 + 4 + -7 - (0 + 1)?
-3
What is -6 + 14 + -3 + 4 + -4?
5
Calculate -2 + (1 + 0 - 2).
-3
78 - 84 - (0 + -1)
-5
What is 0 + 7 + -1 + -4 - -2?
4
Evaluate 4 - ((-8 - -4) + 13).
-5
What is the value of 80 - 86 - (-2 + 1 + -3)?
-2
Evaluate -4 + (-3 + 0 - (4 + -6)).
-5
5 + (5 - 7) + 3
6
What is -6 + 9 + (4 + -8 - 1)?
-2
Evaluate -2 + 9 + (36 - 43).
0
8 - (-4 + (3 - -5) + 0)
4
7 + (-1 - -4 - 10)
0
-6 + (-4 - (-2 + -4 - 2))
-2
Evaluate -4 - (-2 - (-5 + -2)) - -4.
-5
Evaluate (4 - 12 - 2) + 10.
0
Evaluate -9 + 12 + (5 - 3).
5
Evaluate 2 + 8 + -5 + -2 + 0.
3
Evaluate 1 - 1 - (13 - 20).
7
What is -7 + 7 + (1 - (0 - 0))?
1
Calculate -13 + 3 + (2 - -3) - -1.
-4
What is (5 - 10) + -1 + -1 + 2?
-5
(-9 - -2) + (46 - 36)
3
Calculate -30 - -29 - (1 - 3).
1
-9 - (-2 + -5 - -10 - 5)
-7
7 - (-5 + 8 + 12)
-8
Calculate 7 - (2 + -7) - 16.
-4
(10 - 8) + -3 - (-1 + 1)
-1
What is the value of (9 - 4 - 1) + -8?
-4
Evaluate -1 - -24 - (23 - 10).
10
Evaluate (3 - (-7 + 4)) + (-1 - 10).
-5
3 + -6 + 5 + 1
3
(4 - (-7 - -11)) + -5
-5
Calculate (-3 + -5 - (1 + -6)) + -1.
-4
What is the value of 12 + (8 - 12) + -5?
3
Evaluate (-6 + 6 - -1) + 5.
6
What is -5 + (-2 - 1) + (12 - -1)?
5
What is 0 + (2 - (2 - (3 - 6)))?
-3
-19 - -12 - (-2 - 9)
4
What is the value of 4 - 1 - (2 - 5) - 4?
2
(-18 - (-20 + 8)) + 4
-2
Evaluate (-2 + 10 - 3) + 0 + 0.
5
Evaluate (-10 - -7) + 4 + 7 - 0.
8
Evaluate -12 + 0 + (0 - (0 + -4)).
-8
What is 8 + 3 + (-21 - -17)?
7
Evaluate (10 - 7) + -1 + -2 + 1.
1
Calculate -4 + 4 + 10 + (-8 - 7).
-5
Evaluate -5 - (-11 - -2 - -4).
0
What is (2 - -2) + -8 + -3 + 4?
-3
Evaluate (-23 - -22) + -3 + 0.
-4
What is the value of 4 + 3 + 2 + -6?
3
Evaluate 2 + -2 + -2 + -4 + 4.
-2
What is -2 - (-6 - -9) - 0?
-5
What is the value of -3 + 6 + -1 - 3?
-1
Calculate 3 - (9 + -4) - (3 - 8).
3
What is 22 - 20 - (4 - -1)?
-3
-5 + (10 + -5 + -5 - -2)
-3
Evaluate 1 - (-2 - -3 - -2).
-2
Calculate -3 + -13 + 19 + (-1 - 5).
-3
Evaluate 0 - -1 - 1 - 0.
0
What is the value of -3 + 8 + (-5 - -2)?
2
What is 1 + 20 + -25 + 15?
11
What is the value of (0 - 9) + 5 + 2 + 1?
-1
What is (8 - (3 - 6)) + (55 - 60)?
6
3 + 1 + 1 + (10 - 9)
6
-11 + (6 - 12 - -12)
-5
What is the value of 6 - (-16 + 16 + 2 + 0)?
4
Evaluate 0 - (2 - (4 - 1)).
1
What is 11 - 17 - (0 - 1 - 2)?
-3
Calculate 2 + 1 + -1 + -2 - -3.
3
Evaluate -230 - -235 - (-1 - (0 - 2)).
4
Calculate 7 + -13 + 1 + 1 + 1.
-3
What is the value of -1 - -1 - (-2 - 14 - -8)?
8
Calculate 8 - 7 - (-9 - -6).
4
What is 0 - -3 - (40 - 43)?
6
Evaluate (-4 - 8 - -5) + 7 + 2.
2
Calculate 1 + (-4 + 8 - 1).
4
What is (1 - 2) + (1 - 1)?
-1
What is the value of 6 + (-1 - 0) - (143 - 136)?
-2
(4 - 1) + (-5 - -5)
3
What is 3 + (2 - -2 - 8) - 3?
-4
What is 3 + -2 + (-3 - 1)?
-3
Evaluate -13 + 7 - (-8 + -5).
7
-7 + 8 - (2 - (3 + -2))
0
Calculate -2 + (-6 + 8 - -6).
6
Calculate 7 - (32 + -33 + (14 - 1)).
-5
Evaluate 3 + 0 + 0 - (3 - 5).
5
Evaluate (1 - (-2 - 2)) + 27 + -37.
-5
What is 1 + -5 - 4 - -3?
-5
What is 0 + 4 - (71 + -71)?
4
What is (-5 - -7) + 3 + -5?
0
What is 3 + 0 + -4 + (4 - 6)?
-3
What is -2 + ((1 - 2) + -3 - -3)?
-3
Calculate -2 + (-4 - -8) + -3.
-1
Calculate -5 + 10 + (0 - 0).
5
Calculate (8 + -7 - 5) + 4.
0
Calculate 6 + -2 + 0 + 4 - 5.
3
(-3 - -2) + -5 - -2
-4
What is 4 + 0 - -8 - (25 - 19)?
6
What is (-14 - (15 + -27)) + 1 + -1?
-2
Calculate -2 + 0 + -4 + 3 + 7.
4
Calculate (0 - 2) + -3 + 0.
-5
Calculate -3 - (-2 - -4 - 3).
-2
What is the value of 13 + -13 - (10 + -15)?
5
What is -3 - (3 + -3) - -2?
-1
Evaluate -46 + 44 + (-1 - -2 - 3).
-4
Calculate (894 - 887) + (-1 - (-1 - -2)).
5
What is the value of 3 + -2 + -2 + -4 + 12?
7
Calculate -1 + 4 + 2 + -9 + 5.
1
What is -11 + (1 - -6 - (-28 + 32))?
-8
-2 + 1 - 3 - -9
5
Evaluate (0 - (0 + 4)) + (-7 - -8).
-3
14 - 13 - (-2 + 7)
-4
What is the value of -2 + 3 + -25 + 28?
4
Calculate 6 + (10 + (2 - 7) - 6).
5
Evaluate 1 - 8 - -6 - (-1 - 3).
3
Evaluate 3 + (-1 - (1 - 4)).
5
What is 6 - (0 + 4 + -2)?
4
What is the value of -2 + (4 - 7 - (-3 - -1))?
-3
Calculate (8 + -5 - 0) + -6.
-3
What is the value of -5 - -7 - (24 - 25)?
3
-1 + (1 + -4 - -3)
-1
2 + -2 + 2 + 3
5
Evaluate -5 + (2 + 0 - (9 + -2)).
-10
What is 2 + (0 - 2 - 0)?
0
(2 - (6 - 4)) + 1
1
What is 1 - (3 + (-2 - 1))?
1
-1 + (3 - 0) - (-2 - 1)
5
Calculate (0 - -3) + -5 + 0.
-2
Evaluate -1 - ((-6 - 0) + 1).
4
Calculate 2 + 1 + 2 + -3 + 2.
4
(4 - 11 - -5) + -1
-3
What is (1 - (7 + -3)) + 3 + 0?
0
What is the value of 0 + 0 - ((2 - -4) + -6)?
0
What is 6 + (6 - (-9 - -14))?
7
Calculate -12 - -4 - 3 - -11.
0
Evaluate -1 - 5 - (5 - 11).
0
Evaluate 17 + (-3 - (2 + 0 + 3)).
9
What is the value of 1 - (9 + 13 + -21)?
0
What is the value of 12 + (-3 - -5 - 6)?
8
What is the value of -6 + (-28 + 29 - (0 - -3))?
-8
What is 7 + (-2 - 3) + -3 + 5?
4
What is (4 - (-10 - 0)) + -12?
2
What is the value of -2 + -1 - (1 + 4 + -3)?
-5
Calculate 7 - 1 - (-19 + 20).
5
4 + -4 + -1 + 6
5
What is -1 + -3 + (8 - 3 - -1)?
2
Calculate -51 + 51 - (-1 + 5).
-4
What is -15 + (12 - (0 + 6))?
-9
What is the value of -3 + -2 + (7 - 2)?
0
What is the value of -7 + 2 + 6 + -3 - 1?
-3
5 - 3 - (6 + -15 - -11)
0
7 - ((7 - (-1 + 9)) + 1)
7
What is the value of -7 + (-7 - (6 + -26) - 6)?
0
Calculate 15 - 15 - (1 - 0).
-1
What is the value of 0 + 2 + 0 + -3 + -1?
-2
5 + -1 + 0 - 2
2
Evaluate -5 + 2 - -7 - -1.
5
(0 - 1 - -2) + (2 - 0)
3
What is the value of 6 - (-7 - (-6 + -6))?
1
What is the value of 0 + -3 - -1 - -5 - -1?
4
What is (3 + -3 + 5 - 2) + -7?
-4
Calculate 3 - -6 - 1 - (4 + 0).
4
Evaluate 0 + 3 - (15 + -21 - -9).
0
Calculate -2 + 10 + -33 + 29.
4
What is the value of (4 - 5 - -8) + -8?
-1
(0 - -3 - 2) + 0
1
What is the value of 7 - (-19 + 29 - (3 - 0))?
0
Calculate -1 + (-4 - (0 - 11)).
6
What is the value of (-1 - -3) + 6